rs of 60/8*(-8)/(-6)?
2, 5
Suppose 3*s + 102 = 3*q - 0*q, 0 = -q - 3*s + 34. Suppose q = x - 14. Suppose 2*c = -c + x. What are the prime factors of c?
2
Let a(d) = 2*d - 2. Let j be a(3). Suppose 68 = k + 4*k + 4*h, 3*k + j*h - 44 = 0. What are the prime factors of k?
2, 3
Let d = 4 + -3. Let j be (10/25)/(d/15). Suppose -y = -3*t - 12 + 4, t + j = 2*y. List the prime factors of y.
2
Suppose -2*l = 1 - 3, -5*l + 20 = 5*t. Suppose -x + 3*c = 4*c, -2*x = -t*c - 20. Let n(p) = -p**2 + 5*p. List the prime factors of n(x).
2
List the prime factors of ((-4)/30*-10)/(2/87).
2, 29
Suppose k + k - 8 = 0. Let q be (9/(-12))/((-1)/4). Suppose k*t - q*t = 10. List the prime factors of t.
2, 5
Let x(l) = -5*l**3 - 5*l**2 - 6*l - 4. Let t(k) = -11*k**3 - 10*k**2 - 12*k - 9. Let q(u) = -6*t(u) + 13*x(u). List the prime factors of q(6).
2
Suppose -3*u + 6 = -6*u, 0 = 5*q - 4*u + 107. Let d = q - -51. What are the prime factors of d?
2, 7
Let g be (-2*(-6)/2)/2. Suppose -5*t = 2*d - 8, 0 = 4*d - 3*t - 2*t - 16. Suppose m - c = g*c + 28, 3*m + d*c = 36. List the prime factors of m.
2
Let x(t) = t + 2. Let n be x(-3). Let l = n + 1. Let f = 3 + l. What are the prime factors of f?
3
List the prime factors of 24/(-84) + 2566/(-14)*-1.
3, 61
Let c(i) = i**3 + 7*i**2 - 8*i + 4. Let a be c(-7). Suppose 3*g + a = 3*n, -6*n + 2*n + 2*g = -70. Suppose 0 = 5*v - 5 - n. What are the prime factors of v?
2
Let o(j) = -j**2 - 3*j + 2. Let k be o(-3). Suppose -4*z - k*z + 294 = 0. List the prime factors of z.
7
Suppose 0 = -3*o - 2*x + 85, -o - x = 2 - 29. What are the prime factors of o?
31
Let d(o) = o**3 + 4*o**2 - 4*o - 2. List the prime factors of d(-4).
2, 7
Suppose -4*u + 2 = -6. Suppose l + u - 9 = a, -2*a - 4 = 0. Suppose -2*v = -5*w - 24, 5*w + 8 = -l*v - 2. List the prime factors of v.
2
Suppose -m - 6 = -l, 3*m = 7*m + 8. Suppose 0*v + 5*h + 25 = -4*v, -2*v - l*h - 20 = 0. Suppose 4*d - 8 - 40 = v. List the prime factors of d.
2, 3
Let n = 23 + -9. List the prime factors of n.
2, 7
Let q be (-4 - -3)*(-3 + 0). Suppose -q*m + 5*k = 6, 2*k + k - 21 = -4*m. Suppose -3*c + 45 = 3*s, -s = m*c - 2*s - 33. List the prime factors of c.
2, 3
Let a = -11 - -15. Suppose -a*c - 3 = -15. List the prime factors of c.
3
Let t be (-2)/(-8) - (-971)/4. Suppose t = 5*h + 48. List the prime factors of h.
3, 13
Suppose -5*m = -0*m + 4*v + 26, 5*v = 2*m + 17. Let f be (32/m)/((-4)/6). Suppose q = 3 + f. List the prime factors of q.
11
Let h(o) = -o**3 + o**2. Let s(a) = -7*a**3 + 4*a**2 + a - 1. Let k(l) = -6*h(l) + s(l). List the prime factors of k(-4).
3
Suppose 3*v + 6*h - h = -2, -2*h + 10 = 3*v. Suppose i - 3*i = -v. List the prime factors of i.
3
Suppose z - 3*u = 4*z - 375, 377 = 3*z + 4*u. What are the prime factors of z?
3, 41
Suppose 0*f = -3*f + 3. Let v be f*3 + (1 - -1). Suppose 4*n = v*n - 10. What are the prime factors of n?
2, 5
Suppose 4*d - 2*d - f - 11 = 0, -2*d + 29 = 5*f. What are the prime factors of d?
7
Let a be ((-42)/18)/(2/6). Let s(k) = k + 7. Let j be s(a). Suppose 4*c - 6 = i - 14, -4*i - 2*c + 50 = j. List the prime factors of i.
2, 3
Let h be 0 - 4/(8/(-150)). Suppose 0 = -3*d - 2*d + h. List the prime factors of d.
3, 5
List the prime factors of ((-1)/(-2))/((-6)/(-48)).
2
Let x(g) = g + 2. Let q be 2/((-33)/9 + 3). Let y = 3 + q. What are the prime factors of x(y)?
2
Suppose 0 = 3*j + 2*j - 80. Suppose 5*s = 4*r + 52 + j, -3*s + 60 = 4*r. List the prime factors of s.
2
Suppose 27 = 2*b + 2*i - 295, 0 = -2*b - 3*i + 318. List the prime factors of b.
3, 5, 11
Let x = -1 - -4. List the prime factors of x.
3
Let o(d) = -3*d**3 - 2*d**2 + 7*d - 1. List the prime factors of o(-3).
41
Let r(h) = -3*h - 3. Let v be r(6). List the prime factors of 14/v - (-148)/6.
2, 3
Let n(c) = -42*c + 15. What are the prime factors of n(-3)?
3, 47
Let h(r) = -r**2 - 4*r - 2. Let m be h(-2). What are the prime factors of 5*(1 + m + 0)?
3, 5
Suppose -3*n = 2*n - 25. Let b(s) = -s**2 + 6*s + 1. Let j be b(n). Let h(g) = g**3 - 5*g**2 - 5*g. List the prime factors of h(j).
2, 3
Let u(z) = z - 4. Let f be u(4). Suppose -2*o - 8 + 20 = f. List the prime factors of o.
2, 3
Let k(d) = -d**3 + 4*d**2 + 5*d - 3. What are the prime factors of k(4)?
17
Suppose 5*a + 206 = 2*x, 0*a - 3*a = -x + 103. List the prime factors of x.
103
Let o(v) = v**3 + 4*v**2 - 6*v - 1. List the prime factors of o(-5).
2
Suppose -4*v - v + 110 = 0. List the prime factors of v.
2, 11
Let i(o) be the second derivative of -o**3/6 - o**2/2 + o. Let v be i(-1). Suppose -51 = -5*b + 2*f, v = -0*b - 3*b + 5*f + 42. What are the prime factors of b?
3
Suppose -3*a - 557 = -5*h, h + 0*a + 3*a = 97. What are the prime factors of h?
109
Suppose -5*t = -s - 1, -3*s + 1 = -2*t - 4*s. Suppose -5*f + 5*l + 25 = t, -22 = -2*f + 3*l - 7*l. List the prime factors of f.
7
Let o = -60 - -95. What are the prime factors of o?
5, 7
Suppose 30 + 102 = 4*s. Suppose 4*i + s = 3*v, -v - i + 23 = 5. List the prime factors of v.
3, 5
Let h be 3/(6/2) + -1. Let x = 3 - h. What are the prime factors of x?
3
Let y = 8 - 5. What are the prime factors of y?
3
Suppose 16*c - 22*c = -1926. What are the prime factors of c?
3, 107
List the prime factors of (0 + 1 - -41) + 12/4.
3, 5
Suppose 3*u = 1 + 14. List the prime factors of u.
5
Suppose -12*k = -25*k + 4667. What are the prime factors of k?
359
Let b = 11 + 11. What are the prime factors of (-55)/b*(-6)/1?
3, 5
Let u(i) be the first derivative of -i**2/2 + 1. List the prime factors of u(-2).
2
Let o = 256 + -52. List the prime factors of o.
2, 3, 17
Suppose 5*f = 14 - 4. Let i = 4 - f. What are the prime factors of i?
2
Let b = -14 - -24. Let u = 23 - b. List the prime factors of u.
13
Let w = 14 - 10. Suppose -w*o = x - 27, 150 + 19 = 5*x + 3*o. List the prime factors of x.
5, 7
Suppose -16 = -y - 0*y. Suppose -m = -5*u + 6 + 7, 5*m + 41 = u. Let k = m + y. What are the prime factors of k?
2
Let y be 66/14 + (-8)/(-28). Suppose a = -y + 16. List the prime factors of a.
11
Suppose 4*p = -2*v + 8, 0*v + 22 = 4*p - 5*v. List the prime factors of -6*(0 + p/(-6)).
3
Let q = 16 + -10. Suppose h + y = 8 + 21, -q = 2*y. List the prime factors of h.
2
Suppose 5*p = -3*p + 272. List the prime factors of p.
2, 17
Suppose -2*h - 17 = 6*u - u, -2*h + 10 = -4*u. Let v = -1 - u. What are the prime factors of v?
2
Suppose 0 = -a - 4*v + v + 277, 2*a - 581 = 3*v. List the prime factors of a.
2, 11, 13
Let k(i) = -i**3 - 4*i**2 - 2*i - 5. Let g be k(-5). Let z be 1/(-5) + 66/g. Suppose 0 = z*o - 6. What are the prime factors of o?
3
Let l(u) be the second derivative of u**4/12 + 2*u**3/3 + 3*u**2/2 + 2*u. Let y be l(-4). Suppose 0 = x + y*x - 36. List the prime factors of x.
3
Let d(r) = 6*r**2 - r + 35. List the prime factors of d(-7).
2, 3, 7
Suppose -3*d + 5 = -10. List the prime factors of 23/(-4)*(1 - d).
23
Suppose 3*h - 3 = -15. Let c = h + 9. Suppose 4*f = -c + 25. List the prime factors of f.
5
Let f(d) = d**3 + 8*d**2 + 3*d + 2. Let g be f(-7). What are the prime factors of (-6)/(-45) + 986/g?
3, 11
Let v(l) = -l + 7. Let u be v(6). Let g be (2 - 1) + u + 2. Suppose g*n - 12 = 0, 5*n + 33 = -o + 5*o. What are the prime factors of o?
2, 3
Let t(o) = o**2 + o + 7. Let u be t(-8). Let d be 1*4*u/(-28). Let f = d + 18. List the prime factors of f.
3
Suppose q - 132 = -d, -136 = -q - 5*d + 2*d. What are the prime factors of q?
2, 5, 13
Suppose 0*c - x - 66 = 3*c, 2*c = 5*x - 61. Let w = c - -37. What are the prime factors of w?
2, 7
Suppose 22 = 7*o - 160. What are the prime factors of o?
2, 13
Let n(x) = x**2 + 4*x + 2. Let y be n(-4). Let h(d) = -y + 4*d**2 - d**3 + 0*d - 2*d + d. List the prime factors of h(2).
2
Suppose -380 = 72*q - 74*q. List the prime factors of q.
2, 5, 19
Let c(r) = -2*r**3 - 7*r**2 - 2*r - 7. What are the prime factors of c(-6)?
5, 37
Suppose 0*z - 3*z + 21 = 0. Suppose 0 = -5*u + z + 3. What are the prime factors of u?
2
Let u = -9 + 10. Let b = u - 4. List the prime factors of 1/b - (-32)/6.
5
Let a be (-12)/(-9)*(-12)/(-4). What are the prime factors of a/(-6)*(-21)/2?
7
Let j be 17/1 - (1 + 2). What are the prime factors of 1 + 9/(-3) + j?
2, 3
Suppose 16*g - 18*g = -344. What are the prime factors of g?
2, 43
Let b = 98 - 58. Let g = b + -4. Suppose 2*n + 0*n = 3